{"id":290,"date":"2024-03-04T20:47:27","date_gmt":"2024-03-04T23:47:27","guid":{"rendered":"https:\/\/randotoloto.com.br\/?page_id=290"},"modified":"2024-03-04T20:52:39","modified_gmt":"2024-03-04T23:52:39","slug":"sobrenos","status":"publish","type":"page","link":"https:\/\/randotoloto.com.br\/index.php\/sobrenos\/","title":{"rendered":"Sobre n\u00f3s"},"content":{"rendered":"\t\t<div data-elementor-type=\"wp-page\" data-elementor-id=\"290\" class=\"elementor elementor-290\">\n\t\t\t\t<div class=\"elementor-element elementor-element-08f3f6d e-flex e-con-boxed e-con e-parent\" data-id=\"08f3f6d\" data-element_type=\"container\" data-settings=\"{&quot;content_width&quot;:&quot;boxed&quot;}\" data-core-v316-plus=\"true\">\n\t\t\t\t\t<div class=\"e-con-inner\">\n\t\t\t\t<div class=\"elementor-element elementor-element-8cef008 elementor-widget elementor-widget-heading\" data-id=\"8cef008\" data-element_type=\"widget\" data-widget_type=\"heading.default\">\n\t\t\t\t<div class=\"elementor-widget-container\">\n\t\t\t<style>\/*! elementor - v3.19.0 - 28-02-2024 *\/\n.elementor-heading-title{padding:0;margin:0;line-height:1}.elementor-widget-heading .elementor-heading-title[class*=elementor-size-]>a{color:inherit;font-size:inherit;line-height:inherit}.elementor-widget-heading .elementor-heading-title.elementor-size-small{font-size:15px}.elementor-widget-heading .elementor-heading-title.elementor-size-medium{font-size:19px}.elementor-widget-heading .elementor-heading-title.elementor-size-large{font-size:29px}.elementor-widget-heading .elementor-heading-title.elementor-size-xl{font-size:39px}.elementor-widget-heading .elementor-heading-title.elementor-size-xxl{font-size:59px}<\/style><h2 class=\"elementor-heading-title elementor-size-default\">Estamos em constru\u00e7\u00e3o, em breve exibiremos conte\u00fado relevante.<\/h2>\t\t<\/div>\n\t\t\t\t<\/div>\n\t\t\t\t<div class=\"elementor-element elementor-element-4051a51 elementor-widget elementor-widget-image\" data-id=\"4051a51\" data-element_type=\"widget\" data-widget_type=\"image.default\">\n\t\t\t\t<div class=\"elementor-widget-container\">\n\t\t\t<style>\/*! elementor - v3.19.0 - 28-02-2024 *\/\n.elementor-widget-image{text-align:center}.elementor-widget-image a{display:inline-block}.elementor-widget-image a img[src$=\".svg\"]{width:48px}.elementor-widget-image img{vertical-align:middle;display:inline-block}<\/style>\t\t\t\t\t\t\t\t\t\t<img fetchpriority=\"high\" decoding=\"async\" width=\"500\" height=\"500\" src=\"https:\/\/randotoloto.com.br\/wp-content\/uploads\/2024\/03\/Assessoria.png\" class=\"attachment-large size-large wp-image-87\" alt=\"\" srcset=\"https:\/\/randotoloto.com.br\/wp-content\/uploads\/2024\/03\/Assessoria.png 500w, https:\/\/randotoloto.com.br\/wp-content\/uploads\/2024\/03\/Assessoria-300x300.png 300w, https:\/\/randotoloto.com.br\/wp-content\/uploads\/2024\/03\/Assessoria-150x150.png 150w, https:\/\/randotoloto.com.br\/wp-content\/uploads\/2024\/03\/Assessoria-230x230.png 230w, https:\/\/randotoloto.com.br\/wp-content\/uploads\/2024\/03\/Assessoria-400x400.png 400w\" sizes=\"(max-width: 500px) 100vw, 500px\" \/>\t\t\t\t\t\t\t\t\t\t\t\t\t<\/div>\n\t\t\t\t<\/div>\n\t\t\t\t\t<\/div>\n\t\t\t\t<\/div>\n\t\t\t\t<\/div>\n\t\t","protected":false},"excerpt":{"rendered":"<p>Estamos em constru\u00e7\u00e3o, em breve exibiremos conte\u00fado relevante.<\/p>\n","protected":false},"author":1,"featured_media":0,"parent":0,"menu_order":0,"comment_status":"closed","ping_status":"closed","template":"","meta":{"footnotes":""},"_links":{"self":[{"href":"https:\/\/randotoloto.com.br\/index.php\/wp-json\/wp\/v2\/pages\/290"}],"collection":[{"href":"https:\/\/randotoloto.com.br\/index.php\/wp-json\/wp\/v2\/pages"}],"about":[{"href":"https:\/\/randotoloto.com.br\/index.php\/wp-json\/wp\/v2\/types\/page"}],"author":[{"embeddable":true,"href":"https:\/\/randotoloto.com.br\/index.php\/wp-json\/wp\/v2\/users\/1"}],"replies":[{"embeddable":true,"href":"https:\/\/randotoloto.com.br\/index.php\/wp-json\/wp\/v2\/comments?post=290"}],"version-history":[{"count":8,"href":"https:\/\/randotoloto.com.br\/index.php\/wp-json\/wp\/v2\/pages\/290\/revisions"}],"predecessor-version":[{"id":298,"href":"https:\/\/randotoloto.com.br\/index.php\/wp-json\/wp\/v2\/pages\/290\/revisions\/298"}],"wp:attachment":[{"href":"https:\/\/randotoloto.com.br\/index.php\/wp-json\/wp\/v2\/media?parent=290"}],"curies":[{"name":"wp","href":"https:\/\/api.w.org\/{rel}","templated":true}]}}